*j + 1. Let f be c(4). Let o be 176/(-11)*f/(-12). Calculate the highest common divisor of 108 and o.
12
Suppose -3*i - 328 = -319. Let y(s) = -14*s**3 - 5*s**2 + 11*s + 41. Let t be y(i). What is the greatest common divisor of 31 and t?
31
Suppose -33*y = -76*y + 172. Calculate the highest common factor of y and 268.
4
Let v = -577 - -617. Let n = -10 - 26. Let z = n + v. Calculate the greatest common divisor of 36 and z.
4
Let z(l) = 2*l**3 - 3*l**2 + 28*l - 19. Let r be z(8). What is the highest common factor of r and 136?
17
Let b(k) = k**2 + 10*k - 93. Let h be (-890)/55 - (-10)/55. Let w be b(h). What is the greatest common factor of 3 and w?
3
Let a be ((-1023)/279)/((-55)/105). Calculate the highest common divisor of 22253 and a.
7
Let a = -4772 - -5253. Calculate the highest common divisor of a and 37.
37
Suppose 7*p = 201 + 54 - 87. What is the highest common divisor of 174 and p?
6
Let w = -147 - -147. Suppose w*n = 8*n - 736. Calculate the highest common factor of n and 4.
4
Let j be 12*(-12 + (-528)/(-36)). What is the highest common factor of 544 and j?
32
Let t(p) = p**2 + 11 - 9 + 3*p**2 + 12*p**2 + 18*p. Let d be t(-5). Calculate the greatest common divisor of 26 and d.
26
Let d be 1866/10 - 10/(-125)*5. Let p = d + -133. Let a = p + -48. What is the greatest common factor of a and 18?
6
Let k(w) = -w**2 + w. Suppose 3*z = -0*z + 4*z. Let d be k(z). Let x(a) = a + 12. Let b be x(d). What is the highest common factor of 12 and b?
12
Let g = 15 - 43. Suppose 0 = -2*j - 2*j + 12, 2*j - 53 = -h. Let w = g + h. What is the highest common divisor of w and 19?
19
Let t = -74 - -198. Let q = 125 - t. What is the highest common divisor of q and 16?
1
Suppose -3497 = -18*l + 5*l. Let f = l - 265. Calculate the highest common divisor of f and 84.
4
Suppose 98*f - 135 = 49*f + 44*f. Calculate the greatest common factor of f and 243.
27
Let r be ((-3)/2)/((-30)/40). Suppose -3*n + 2*c + 41 = 3, r*c = -2. Calculate the highest common factor of 126 and n.
6
Let j(v) = v + 84. Let o be j(0). Let c be ((-67)/((-2077)/186))/(3 + 45/(-6) - -5). What is the greatest common factor of c and o?
12
Let m be (-1)/(-3) + 4181/111. Suppose 5*d + 4*s = 358, 4*s = m*d - 42*d + 284. Calculate the highest common divisor of 37 and d.
37
Let j = -69841 + 69975. Let p(s) = -s**3 - 5*s**2 + 11*s - 2. Let o be p(-11). What is the greatest common factor of j and o?
67
Suppose 3*f - 22 = 23. Let o(y) = 15*y**3 + 6*y**2 + 805*y - 1619. Let n be o(2). Calculate the greatest common factor of n and f.
15
Let r(s) = 0*s**2 + 15*s**2 + 15 - s**3 - 799*s + 823*s. Let g be r(16). Suppose 10*j - 11*j = -g. What is the highest common divisor of 13 and j?
13
Let o(s) = 6*s**2 + 175*s - 2185. Let k be o(13). Calculate the highest common factor of 1536 and k.
48
Let t(n) = 4*n + 73. Let q be t(-16). Suppose -289 = -4*g - q. What is the greatest common factor of g and 112?
14
Let v be (11/((-44)/(-112)))/(8/12). Calculate the highest common divisor of 294 and v.
42
Suppose 3*c - 24 = 435. Suppose -w + 2 = u - 45, c = 3*u - 3*w. Let q = u + -32. What is the highest common divisor of 17 and q?
17
Suppose 24*w = -90*w + 433*w - 7018. What is the greatest common factor of 10648 and w?
22
Let z(u) = -2*u**3 + 25*u**2 + 36*u - 47. Let j be z(13). Calculate the highest common factor of j and 276.
12
Let o(f) = -f**3 + 111*f**2 + 2178*f - 231. Let x be o(128). What is the greatest common factor of x and 2630?
5
Suppose -2*n + p - 2 = 0, -4*n = -n - 5*p - 11. Let r be (0 - 2/n) + 658/21. What is the greatest common factor of r and 96?
32
Suppose a - 2*n = 4*a - 44, -5*n = -a + 43. Let k(j) = j**2 - 19*j + 44. Let c be k(a). Calculate the greatest common factor of 39 and c.
13
Let t(k) = k**2 + 78*k - 1746. Let j be t(35). What is the greatest common divisor of j and 141?
47
Suppose -29*g + 350 = -27. Calculate the greatest common divisor of 3536 and g.
13
Let a = 130 + -127. Suppose 25 = f + a*c, 2*f - 159 = 5*c - 54. Let v(o) = 2*o**2 - 4*o + 4. Let i be v(-6). Calculate the greatest common factor of f and i.
20
Let y(t) be the third derivative of t**5/30 + t**4/3 - 25*t**3/3 + 122*t**2. Let l be y(5). What is the greatest common divisor of l and 180?
20
Suppose -403 = -x - 259. What is the greatest common divisor of 99 and x?
9
Let k be 6/(-4) - (-370)/4. Let h be (-1)/5 + -1 + ((-17408)/(-80))/8. Calculate the highest common divisor of k and h.
13
Let x = 3487 - 3421. What is the highest common divisor of 1056 and x?
66
Let v(q) be the second derivative of q**5/20 + 2*q**4/3 - 5*q**3/3 + q**2/2 - 8*q - 1. Let j be v(-9). Calculate the highest common factor of j and 85.
5
Let r = -12659 + 13823. What is the highest common divisor of 132 and r?
12
Let s = 3665 + -749. Calculate the greatest common divisor of s and 36.
36
Suppose 0 = -3*v - 3*j - 75, j + 3*j = v. Let p be (276/v + 3)/(2/(-55)). Calculate the highest common divisor of 27 and p.
27
Let z = -221 - -585. Let l = z + -333. Calculate the highest common divisor of l and 62.
31
Suppose 30*z - 22*z = 5448. Let n = z + -551. Calculate the highest common divisor of 26 and n.
26
Suppose -3*n = 3*i - 1893, -5*n = 13*i - 9*i - 2522. Let u = 671 - i. What is the greatest common factor of u and 209?
19
Let v(g) = 68*g**2 - 72*g - 5. Let c be v(3). Calculate the highest common divisor of c and 368.
23
Let s be ((-33)/(-4) - 12 - -13) + 1/(-4). What is the highest common divisor of s and 26847?
9
Let x be 0/(3/6*2). Suppose -5*a - 5*m = -135, x*m = -3*a - 4*m + 85. Suppose 236 = 7*v - a. What is the greatest common divisor of v and 37?
37
Suppose 4*l = -146 - 986. Let f = l + 367. Calculate the highest common factor of f and 21.
21
Let q(x) = 8*x + 84. Let v(h) = -1. Let d(u) = -q(u) + 4*v(u). Let f be d(-26). What is the highest common divisor of 24 and f?
24
Let d be 90*((-36)/(-42))/((-18)/(-28)). What is the greatest common divisor of 320 and d?
40
Let z(m) = 5*m**2 - 12*m + 78. Let p be z(4). Calculate the highest common divisor of p and 25.
5
Suppose 30530 + 93464 = -2199*b + 2225*b. What is the greatest common factor of 76 and b?
19
Let p = 6333 - 6314. Calculate the highest common factor of 3 and p.
1
Let h be (4 - 5)/8 - 4807/(-184). What is the greatest common factor of h and 3198?
26
Suppose -2*i = 79 - 179. Suppose -128 = -i*h + 46*h. What is the greatest common divisor of 6 and h?
2
Let b(a) = -39*a + 529. Let l be b(11). What is the highest common factor of 4225 and l?
25
Let k(l) = 6*l**2 - 3 - l**3 + 4 + 2*l + 5*l**2 - 12*l. Let w be k(10). Let j be w*23*(-17 - -18). What is the greatest common divisor of j and 23?
23
Let a = -2049 + 2050. Let i(b) = 17*b**2 - 1 + 11*b**2 + b - 4*b**2. Let f be i(a). What is the greatest common factor of f and 3?
3
Suppose 0 = -4996*w + 4988*w - 101 + 965. What is the greatest common factor of 3267 and w?
27
Suppose 7*q + 168 = -3*z + 474, 0 = -2*z + 3*q + 158. Calculate the greatest common divisor of 88 and z.
88
Let t(s) = -16*s - 44. Let a be t(-3). Suppose f - 106 - 40 = -4*z, 0 = 4*f + a*z - 608. Calculate the highest common divisor of 14 and f.
14
Let g be 22 - (-4 + 2) - 5. Let w = 104 + -101. Calculate the greatest common divisor of g and w.
1
Suppose 0*t - 830 = -5*t + 5*a, -2*a + 151 = t. Suppose -o - 5*s + 13 + 10 = 0, -3*o + 5*s = -69. Calculate the greatest common divisor of o and t.
23
Let c = -80 - -2790. Let x be c/30 - 4/(-6). Calculate the greatest common factor of 7 and x.
7
Let j be ((-93)/(-18) + 44/(-264))*(-6)/(-5). Calculate the highest common factor of j and 1614.
6
Let q = 435 + -311. Let v be 30/18 - 2 - 32/(-6). Suppose 2*r = 2*t + 58, -5*r + v*t = t - 147. Calculate the greatest common divisor of r and q.
31
Let z be (-1 - 1002/(-10))/(92/230). Let y(m) = -m**3 - m**2 + 5*m + 3. Let b be y(-4). Calculate the greatest common factor of b and z.
31
Suppose 0 = -3*f + 1662 + 2685. Suppose -315 = -7*w + f. What is the highest common factor of w and 14?
14
Suppose s - 6*m + 11*m - 76 = 0, 4*m + 20 = 0. Suppose 3600 = -51*a + s*a. What is the highest common divisor of a and 234?
18
Let h = 6246 - 5553. What is the highest common factor of h and 3069?
99
Suppose -63 = -3*z - 201. Let y(h) = h**3 - 9*h**2 - 6*h + 3. Let m be y(9). Let v = z - m. What is the highes